{"id":12,"date":"2012-01-13T15:27:47","date_gmt":"2012-01-13T14:27:47","guid":{"rendered":"http:\/\/server2003:8080\/rsubach\/wordpress_02\/?page_id=12"},"modified":"2023-02-18T15:54:08","modified_gmt":"2023-02-18T14:54:08","slug":"partner","status":"publish","type":"page","link":"https:\/\/rsubach.de\/?page_id=12","title":{"rendered":"Unser F&ouml;rderverein"},"content":{"rendered":"<table>\n<tbody>\n<tr>\n<td><img loading=\"lazy\" decoding=\"async\" class=\"alignnone wp-image-245\" style=\"margin: 0px;\" title=\"BUE\" src=\"\/wp-content\/uploads\/2012\/01\/BUE1.png\" alt=\"\" width=\"237\" height=\"205\"><\/td>\n<td>\n<p style=\"font-size: 0.9em; text-align: justify; margin-left: 2px; margin-right: 2px;\">Bildung und Erziehung junger Menschen sind eine wesentliche Grundlage unserer Gesellschaft, ein bedeutsamer Standortfaktor unserer Wirtschaft und ein zunehmend wichtiger Aspekt unserer Zukunft. Die Verantwortung f\u00fcr diese Aufgabe liegt im hohen Ma\u00dfe in der Verantwortung der Schulen. Diese dabei zu unterst\u00fctzen war, ist und bleibt eine gesamtgesellschaftliche Herausforderung.<\/p>\n<\/td>\n<\/tr>\n<\/tbody>\n<\/table>\n<h4 style=\"margin: 0.5em 0px;\">Gr\u00fcndung und Leistungen<\/h4>\n<p style=\"font-style: normal;\">Getragen von dieser \u00dcberzeugung trafen sich am 24. Mai 2004 Lehrerinnen und Lehrer, Eltern und interessierte B\u00fcrger, um einen F\u00f6rderverein f\u00fcr unsere Regelschule zu gr\u00fcnden.<\/p>\n<p style=\"font-style: normal;\">Seit der Gr\u00fcndung haben wir die Schule auf vielf\u00e4ltige Weise unterst\u00fctzt. Im Mittelpunkt stand dabei immer, die Hilfe vor allem dort einzusetzen, wo sie unmittelbar den Sch\u00fcler(inne)n zugute kommt. So haben wir beispielsweise:<\/p>\n<ul>\n<li>\n<div style=\"font-size: 1.1em; line-height: 1.2em;\">j\u00e4hrlich 200,- \u20ac f\u00fcr die Anerkennung und W\u00fcrdigung der schulischen Leistungen von Sch\u00fclerinnen und Sch\u00fclern der Abschlussklassen bereitgestellt;<\/div>\n<\/li>\n<li style=\"font-size: 1.1em; line-height: 1.2em;\">sportliche und kulturelle Veranstaltungen, wie Schwimm- und Sportfeste, die Schulkinowochen oder den Kulturtag mit finanziellen Mitteln unterst\u00fctzt;<\/li>\n<li style=\"font-size: 1.1em; line-height: 1.2em;\">pro Sch\u00fcler(in) im Schuljahr einen Zuschuss von 2,- \u20ac f\u00fcr die Teilnahme an Exkursionen und Veranstaltungen zur Verf\u00fcgung gestellt;<\/li>\n<li style=\"font-size: 1.1em; line-height: 1.2em;\">im Jahr 2008 die Schulmannschaft mit einem Satz hochwertiger Sporttrikots ausgestattet;<\/li>\n<li style=\"font-size: 1.1em; line-height: 1.2em;\">im Jahr 2009 die Ausgestaltung der Feierlichkeiten zum 40. Jahrestag der Schulgr\u00fcndung mit 500,- \u20ac unterst\u00fctzt;<\/li>\n<li style=\"font-size: 1.1em; line-height: 1.2em;\">im Jahr 2011 einen multifunktionalen Beratungs- und Projektraum f\u00fcr ca. 1000,- \u20ac mit M\u00f6beln ausgestattet und eingerichtet;<\/li>\n<li style=\"font-size: 1.1em; line-height: 1.2em;\">in den Jahren 2012 bis 2014 auf dem Schulgel\u00e4nde ein flexibel verwendbares Gr\u00fcnes Klassenzimmer sowie ein benachbartes Feuchtbiotop errichtet;<\/li>\n<li style=\"font-size: 1.1em; line-height: 1.2em;\">in den Jahren 2014 bis 2016 die Schule bei der Anschaffung, Einrichtung und Unterrichtsintegration von vier interaktiven Beamern unterst\u00fctzt;<\/li>\n<\/ul>\n<h4 style=\"margin-bottom: 0.5em;\">Weitere Informationen<\/h4>\n<p style=\"font-style: normal; padding-top: 0px;\">Haben Sie Interesse an weiteren Informationen zu unserem Verein und unserer Arbeit?<br \/>\nDann k\u00f6nnen Sie sich hier unseren aktuellen Flyer und die Vereinssatzung herunterladen.<\/p>\n<table>\n<tbody>\n<tr>\n<td rowspan=\"3\">\n<p style=\"font-size: 13px; font-style: italic; margin: 0px;\">Weitere Informationen zu unserer Arbeit, zu Kontaktm\u00f6glichkeiten<br \/>\nund mehr finden Sie in unserem aktuellen <strong>Flyer<\/strong>, den Sie hier<br \/>\nherunterladen k\u00f6nnen<\/p>\n<\/td>\n<td><a title=\"Flyer\" href=\"https:\/\/rsubach.de\/wp-content\/uploads\/2013\/01\/Flyer_SFV_2013_V1.pdf\" target=\"_blank\" rel=\"noopener\"><img loading=\"lazy\" decoding=\"async\" class=\"alignnone size-full wp-image-524\" style=\"margin: 0px;\" title=\"Save\" src=\"\/wp-content\/uploads\/2012\/01\/Save.png\" alt=\"\" width=\"16\" height=\"16\"><\/a><\/td>\n<td>\n<p style=\"font-size: 13px; font-style: italic; margin: 0px;\">als PDF<\/p>\n<\/td>\n<\/tr>\n<tr>\n<td><a href=\"https:\/\/rsubach.de\/wp-content\/uploads\/2013\/01\/Flyer_SFV_2013_VS.jpg\" target=\"_blank\" rel=\"noopener\"><img loading=\"lazy\" decoding=\"async\" class=\"alignnone size-full wp-image-524\" style=\"margin: 0px;\" title=\"Save\" src=\"\/wp-content\/uploads\/2012\/01\/Save.png\" alt=\"\" width=\"16\" height=\"16\"><\/a><\/td>\n<td>\n<p style=\"font-size: 13px; font-style: italic; margin: 0px;\">als Bild (Vorderseite)<\/p>\n<\/td>\n<\/tr>\n<tr>\n<td><a href=\"https:\/\/rsubach.de\/wp-content\/uploads\/2013\/01\/Flyer_SFV_2013_RS.jpg\" target=\"_blank\" rel=\"noopener\"><img loading=\"lazy\" decoding=\"async\" class=\"alignnone size-full wp-image-524\" style=\"margin: 0px;\" title=\"Save\" src=\"\/wp-content\/uploads\/2012\/01\/Save.png\" alt=\"\" width=\"16\" height=\"16\"><\/a><\/td>\n<td>\n<p style=\"font-size: 13px; font-style: italic; margin: 0px;\">als Bild (R\u00fcckseite)<\/p>\n<\/td>\n<\/tr>\n<tr>\n<td>\n<p style=\"font-size: 13px; font-style: italic; margin: 0px;\">Die aktuelle <strong>Satzung<\/strong> unseres Vereins k\u00f6nnen Sie hier herunterladen<\/p>\n<\/td>\n<td><a href=\"https:\/\/rsubach.de\/wp-content\/uploads\/2017\/09\/Satzung_SFV_2014_Web.pdf\" target=\"_blank\" rel=\"noopener\"><img loading=\"lazy\" decoding=\"async\" class=\"alignnone size-full wp-image-524\" style=\"margin: 0px;\" title=\"Save\" src=\"\/wp-content\/uploads\/2012\/01\/Save.png\" alt=\"\" width=\"16\" height=\"16\"><\/a><\/td>\n<td>\n<p style=\"font-size: 13px; font-style: italic; margin: 0px;\">als PDF<\/p>\n<\/td>\n<\/tr>\n<\/tbody>\n<\/table>\n<p>&nbsp;<\/p>\n","protected":false},"excerpt":{"rendered":"<p>Bildung und Erziehung junger Menschen sind eine wesentliche Grundlage unserer Gesellschaft, ein bedeutsamer Standortfaktor unserer Wirtschaft und ein zunehmend wichtiger Aspekt unserer Zukunft. Die Verantwortung f\u00fcr diese Aufgabe liegt im hohen Ma\u00dfe in der Verantwortung der <a href=\"https:\/\/rsubach.de\/?page_id=12\" class=\"read-more\">Weiterlesen &#8230;<\/a><\/p>\n","protected":false},"author":1,"featured_media":0,"parent":0,"menu_order":60,"comment_status":"closed","ping_status":"closed","template":"","meta":{"ngg_post_thumbnail":0,"footnotes":""},"class_list":["post-12","page","type-page","status-publish","hentry"],"publishpress_future_action":{"enabled":false,"date":"2026-05-13 13:31:12","action":"change-status","newStatus":"draft","terms":[],"taxonomy":"","extraData":[]},"publishpress_future_workflow_manual_trigger":{"enabledWorkflows":[]},"rttpg_featured_image_url":null,"rttpg_author":{"display_name":"Uwe Borger","author_link":"https:\/\/rsubach.de\/?author=1"},"rttpg_comment":0,"rttpg_category":null,"rttpg_excerpt":"Bildung und Erziehung junger Menschen sind eine wesentliche Grundlage unserer Gesellschaft, ein bedeutsamer Standortfaktor unserer Wirtschaft und ein zunehmend wichtiger Aspekt unserer Zukunft. Die Verantwortung f\u00fcr diese Aufgabe liegt im hohen Ma\u00dfe in der Verantwortung der Weiterlesen ...","_links":{"self":[{"href":"https:\/\/rsubach.de\/index.php?rest_route=\/wp\/v2\/pages\/12","targetHints":{"allow":["GET"]}}],"collection":[{"href":"https:\/\/rsubach.de\/index.php?rest_route=\/wp\/v2\/pages"}],"about":[{"href":"https:\/\/rsubach.de\/index.php?rest_route=\/wp\/v2\/types\/page"}],"author":[{"embeddable":true,"href":"https:\/\/rsubach.de\/index.php?rest_route=\/wp\/v2\/users\/1"}],"replies":[{"embeddable":true,"href":"https:\/\/rsubach.de\/index.php?rest_route=%2Fwp%2Fv2%2Fcomments&post=12"}],"version-history":[{"count":94,"href":"https:\/\/rsubach.de\/index.php?rest_route=\/wp\/v2\/pages\/12\/revisions"}],"predecessor-version":[{"id":25130,"href":"https:\/\/rsubach.de\/index.php?rest_route=\/wp\/v2\/pages\/12\/revisions\/25130"}],"wp:attachment":[{"href":"https:\/\/rsubach.de\/index.php?rest_route=%2Fwp%2Fv2%2Fmedia&parent=12"}],"curies":[{"name":"wp","href":"https:\/\/api.w.org\/{rel}","templated":true}]}}