{"id":253,"date":"2012-02-20T17:44:28","date_gmt":"2012-02-20T16:44:28","guid":{"rendered":"http:\/\/server2003:8080\/rsubach\/wordpress_02\/?page_id=253"},"modified":"2023-02-18T11:32:03","modified_gmt":"2023-02-18T10:32:03","slug":"mitteilung-an-uns","status":"publish","type":"page","link":"https:\/\/rsubach.de\/?page_id=253","title":{"rendered":"Nachricht an uns"},"content":{"rendered":"<p>Sie k\u00f6nnen uns mit diesem Kontaktformular ihre Nachrichten, Anfragen oder W\u00fcnsche \u00fcber\u00admitteln. <u>Bitte teilen Sie uns f\u00fcr die R\u00fcckantwort eine E-Mail Adresse und eventuell eine Telefonnummer mit.<\/u><\/p>\n<p>Vielen Dank!<\/p>\n\n<div class=\"wpcf7 no-js\" id=\"wpcf7-f217-o1\" lang=\"en-US\" dir=\"ltr\" data-wpcf7-id=\"217\">\n<div class=\"screen-reader-response\"><p role=\"status\" aria-live=\"polite\" aria-atomic=\"true\"><\/p> <ul><\/ul><\/div>\n<form action=\"\/index.php?rest_route=%2Fwp%2Fv2%2Fpages%2F253#wpcf7-f217-o1\" method=\"post\" class=\"wpcf7-form init\" aria-label=\"Contact form\" novalidate=\"novalidate\" data-status=\"init\">\n<fieldset class=\"hidden-fields-container\"><input type=\"hidden\" name=\"_wpcf7\" value=\"217\" \/><input type=\"hidden\" name=\"_wpcf7_version\" value=\"6.1.5\" \/><input type=\"hidden\" name=\"_wpcf7_locale\" value=\"en_US\" \/><input type=\"hidden\" name=\"_wpcf7_unit_tag\" value=\"wpcf7-f217-o1\" \/><input type=\"hidden\" name=\"_wpcf7_container_post\" value=\"0\" \/><input type=\"hidden\" name=\"_wpcf7_posted_data_hash\" value=\"\" \/><input type=\"hidden\" name=\"_wpcf7cf_hidden_group_fields\" value=\"[]\" \/><input type=\"hidden\" name=\"_wpcf7cf_hidden_groups\" value=\"[]\" \/><input type=\"hidden\" name=\"_wpcf7cf_visible_groups\" value=\"[]\" \/><input type=\"hidden\" name=\"_wpcf7cf_repeaters\" value=\"[]\" \/><input type=\"hidden\" name=\"_wpcf7cf_steps\" value=\"{}\" \/><input type=\"hidden\" name=\"_wpcf7cf_options\" value=\"{&quot;form_id&quot;:217,&quot;conditions&quot;:[],&quot;settings&quot;:{&quot;animation&quot;:&quot;yes&quot;,&quot;animation_intime&quot;:200,&quot;animation_outtime&quot;:200,&quot;conditions_ui&quot;:&quot;normal&quot;,&quot;notice_dismissed&quot;:false}}\" \/><input type=\"hidden\" name=\"_wpcf7dtx_version\" value=\"5.0.5\" \/><input type=\"hidden\" name=\"_wpcf7_recaptcha_response\" value=\"\" \/>\n<\/fieldset>\n<table width=\"470px\">\n\t<tr>\n\t\t<td style=\"text-align: right; width: 180px; padding-right: 6px; font-size: 1.1em;\">\n\t\t\t<p>Ihr Name:*\n\t\t\t<\/p>\n\t\t<\/td>\n\t\t<td style=\"text-align: left;\">\n\t\t\t<p><span class=\"wpcf7-form-control-wrap\" data-name=\"ihr-name\"><input size=\"55\" maxlength=\"400\" class=\"wpcf7-form-control wpcf7-text wpcf7-validates-as-required confor\" aria-required=\"true\" aria-invalid=\"false\" value=\"\" type=\"text\" name=\"ihr-name\" \/><\/span>\n\t\t\t<\/p>\n\t\t<\/td>\n\t<\/tr>\n\t<tr>\n\t\t<td style=\"text-align: right; padding-right: 6px; font-size: 1.1em;\">\n\t\t\t<p>Ihre E-Mail-Adresse:*\n\t\t\t<\/p>\n\t\t<\/td>\n\t\t<td style=\"text-align: left;\">\n\t\t\t<p><span class=\"wpcf7-form-control-wrap\" data-name=\"ihre-email\"><input size=\"55\" maxlength=\"400\" class=\"wpcf7-form-control wpcf7-email wpcf7-validates-as-required wpcf7-text wpcf7-validates-as-email confor\" aria-required=\"true\" aria-invalid=\"false\" value=\"\" type=\"email\" name=\"ihre-email\" \/><\/span>\n\t\t\t<\/p>\n\t\t<\/td>\n\t<\/tr>\n\t<tr>\n\t\t<td style=\"text-align: right; padding-right: 6px; font-size: 1.1em;\">\n\t\t\t<p>Ihre Telefonnummer:\n\t\t\t<\/p>\n\t\t<\/td>\n\t\t<td style=\"text-align: left;\">\n\t\t\t<p><span class=\"wpcf7-form-control-wrap\" data-name=\"ihre-telnr\"><input size=\"55\" maxlength=\"400\" class=\"wpcf7-form-control wpcf7-text confor\" aria-invalid=\"false\" value=\"\" type=\"text\" name=\"ihre-telnr\" \/><\/span>\n\t\t\t<\/p>\n\t\t<\/td>\n\t<\/tr>\n\t<tr>\n\t\t<td style=\"text-align: right; padding-right: 6px; font-size: 1.1em;\">\n\t\t\t<p>Betreff: *\n\t\t\t<\/p>\n\t\t<\/td>\n\t\t<td style=\"text-align: left;\">\n\t\t\t<p><span class=\"wpcf7-form-control-wrap\" data-name=\"ihr-betreff\"><input size=\"55\" maxlength=\"400\" class=\"wpcf7-form-control wpcf7-text wpcf7-validates-as-required confor\" aria-required=\"true\" aria-invalid=\"false\" value=\"\" type=\"text\" name=\"ihr-betreff\" \/><\/span>\n\t\t\t<\/p>\n\t\t<\/td>\n\t<\/tr>\n\t<tr>\n\t\t<td style=\"text-align: right; vertical-align: top; padding-right: 6px; font-size: 1.1em;\">\n\t\t\t<p>Ihre Nachricht:\n\t\t\t<\/p>\n\t\t<\/td>\n\t\t<td style=\"text-align: left;\">\n\t\t\t<p><span class=\"wpcf7-form-control-wrap\" data-name=\"ihre-nachricht\"><textarea cols=\"50\" rows=\"10\" maxlength=\"2000\" class=\"wpcf7-form-control wpcf7-textarea confor\" aria-invalid=\"false\" name=\"ihre-nachricht\"><\/textarea><\/span>\n\t\t\t<\/p>\n\t\t<\/td>\n\t<\/tr>\n\t<tr>\n\t\t<td style=\"text-align: right;\">\n\t\t\t<p>Bitte best\u00e4tigen:\n\t\t\t<\/p>\n\t\t<\/td>\n\t\t<td>\n\t\t<span class=\"wpcf7-form-control-wrap recaptcha\" data-name=\"recaptcha\"><span data-sitekey=\"6LdpeMUUAAAAADy6JwxcTKcZkif4BsePLtq9Mn4C\" class=\"wpcf7-form-control wpcf7-recaptcha g-recaptcha\"><\/span>\r\n<noscript>\r\n\t<div class=\"grecaptcha-noscript\">\r\n\t\t<iframe loading=\"lazy\" src=\"https:\/\/www.google.com\/recaptcha\/api\/fallback?k=6LdpeMUUAAAAADy6JwxcTKcZkif4BsePLtq9Mn4C\" frameborder=\"0\" scrolling=\"no\" width=\"310\" height=\"430\">\r\n\t\t<\/iframe>\r\n\t\t<textarea name=\"g-recaptcha-response\" rows=\"3\" cols=\"40\" placeholder=\"reCaptcha Response Here\">\r\n\t\t<\/textarea>\r\n\t<\/div>\r\n<\/noscript>\r\n<\/span>\n\t\t<\/td>\n\t<\/tr>\n\t<tr>\n\t\t<td style=\"text-align: right; vertical-align: top; padding-right: 6px; font-size: 1.1em;\">\n\t\t\t<p><span class=\"wpcf7-form-control-wrap\" data-name=\"datenschutz\"><span class=\"wpcf7-form-control wpcf7-acceptance\"><span class=\"wpcf7-list-item\"><input type=\"checkbox\" name=\"datenschutz\" value=\"1\" aria-invalid=\"false\" \/><\/span><\/span><\/span>\n\t\t\t<\/p>\n\t\t<\/td>\n\t\t<td style=\"text-align: left; font-size: 0.9em;\">\n\t\t\t<p>* Ich bin einverstanden, dass die \u00fcber dieses Kontaktformular gesendeten Daten in einer E-Mail Nachricht elektronisch gespeichert werden. F\u00fcr die Verwendung der Daten gelten die <b><a href=\"https:\/\/rsubach.de\/?page_id=11943\">Festlegungen in unseren Datenschutzbestimmungen<\/a><\/b> (F\u00fcr genauere Informationen bitte den Link anklicken)\n\t\t\t<\/p>\n\t\t<\/td>\n\t<\/tr>\n\t<tr>\n\t\t<td>\n\t\t<\/td>\n\t\t<td style=\"text-align: left;\">\n\t\t\t<p><input class=\"wpcf7-form-control wpcf7-submit has-spinner\" type=\"submit\" value=\"Senden\" \/><input type=\"reset\" value=\"Abbrechen\" \/>\n\t\t\t<\/p>\n\t\t<\/td>\n\t<\/tr>\n<\/table><div class=\"wpcf7-response-output\" aria-hidden=\"true\"><\/div>\n<\/form>\n<\/div>\n\n<p style=\"text-align: right;\"><strong>Bitte beachten:<\/strong><i> Die mit einem * gekennzeichneten Felder sind Pflichteingaben.<\/i><\/p>\n","protected":false},"excerpt":{"rendered":"<p>Sie k\u00f6nnen uns mit diesem Kontaktformular ihre Nachrichten, Anfragen oder W\u00fcnsche \u00fcber\u00admitteln. Bitte teilen Sie uns f\u00fcr die R\u00fcckantwort eine E-Mail Adresse und eventuell eine Telefonnummer mit. Vielen Dank! Bitte beachten: Die mit einem * gekennzeichneten <a href=\"https:\/\/rsubach.de\/?page_id=253\" class=\"read-more\">Weiterlesen &#8230;<\/a><\/p>\n","protected":false},"author":1,"featured_media":0,"parent":11939,"menu_order":17,"comment_status":"closed","ping_status":"closed","template":"","meta":{"ngg_post_thumbnail":0,"footnotes":""},"class_list":["post-253","page","type-page","status-publish","hentry"],"publishpress_future_action":{"enabled":false,"date":"2026-05-08 08:44:51","action":"change-status","newStatus":"draft","terms":[],"taxonomy":"","extraData":[]},"publishpress_future_workflow_manual_trigger":{"enabledWorkflows":[]},"rttpg_featured_image_url":null,"rttpg_author":{"display_name":"Uwe Borger","author_link":"https:\/\/rsubach.de\/?author=1"},"rttpg_comment":0,"rttpg_category":null,"rttpg_excerpt":"Sie k\u00f6nnen uns mit diesem Kontaktformular ihre Nachrichten, Anfragen oder W\u00fcnsche \u00fcber\u00admitteln. Bitte teilen Sie uns f\u00fcr die R\u00fcckantwort eine E-Mail Adresse und eventuell eine Telefonnummer mit. Vielen Dank! Bitte beachten: Die mit einem * gekennzeichneten Weiterlesen ...","_links":{"self":[{"href":"https:\/\/rsubach.de\/index.php?rest_route=\/wp\/v2\/pages\/253","targetHints":{"allow":["GET"]}}],"collection":[{"href":"https:\/\/rsubach.de\/index.php?rest_route=\/wp\/v2\/pages"}],"about":[{"href":"https:\/\/rsubach.de\/index.php?rest_route=\/wp\/v2\/types\/page"}],"author":[{"embeddable":true,"href":"https:\/\/rsubach.de\/index.php?rest_route=\/wp\/v2\/users\/1"}],"replies":[{"embeddable":true,"href":"https:\/\/rsubach.de\/index.php?rest_route=%2Fwp%2Fv2%2Fcomments&post=253"}],"version-history":[{"count":10,"href":"https:\/\/rsubach.de\/index.php?rest_route=\/wp\/v2\/pages\/253\/revisions"}],"predecessor-version":[{"id":13910,"href":"https:\/\/rsubach.de\/index.php?rest_route=\/wp\/v2\/pages\/253\/revisions\/13910"}],"up":[{"embeddable":true,"href":"https:\/\/rsubach.de\/index.php?rest_route=\/wp\/v2\/pages\/11939"}],"wp:attachment":[{"href":"https:\/\/rsubach.de\/index.php?rest_route=%2Fwp%2Fv2%2Fmedia&parent=253"}],"curies":[{"name":"wp","href":"https:\/\/api.w.org\/{rel}","templated":true}]}}