{"id":2652,"date":"2014-01-04T19:26:14","date_gmt":"2014-01-04T18:26:14","guid":{"rendered":"http:\/\/rsubach.de\/?page_id=2652"},"modified":"2023-11-02T09:03:27","modified_gmt":"2023-11-02T08:03:27","slug":"schulsozialarbeit","status":"publish","type":"page","link":"https:\/\/rsubach.de\/?page_id=2652","title":{"rendered":"Schulsozialarbeit"},"content":{"rendered":"\n<p>Hallo, mein Name ist&nbsp;<strong>Christina Zilch<\/strong>.Ich bin seit dem 14. M\u00e4rz 2022 als Schulsozialarbeiterin an der Staatlichen Regelschule am Ulsterberg t\u00e4tig.<\/p>\n\n\n\n<div class=\"wp-block-media-text alignwide is-stacked-on-mobile\" style=\"grid-template-columns:25% auto\"><figure class=\"wp-block-media-text__media\"><img loading=\"lazy\" decoding=\"async\" width=\"776\" height=\"1024\" src=\"https:\/\/rsubach.de\/wp-content\/uploads\/2022\/04\/IMG_Christina_-Zilch-776x1024.jpg\" alt=\"\" class=\"wp-image-24003 size-full\" srcset=\"https:\/\/rsubach.de\/wp-content\/uploads\/2022\/04\/IMG_Christina_-Zilch-776x1024.jpg 776w, https:\/\/rsubach.de\/wp-content\/uploads\/2022\/04\/IMG_Christina_-Zilch-227x300.jpg 227w, https:\/\/rsubach.de\/wp-content\/uploads\/2022\/04\/IMG_Christina_-Zilch-768x1013.jpg 768w, https:\/\/rsubach.de\/wp-content\/uploads\/2022\/04\/IMG_Christina_-Zilch-1164x1536.jpg 1164w, https:\/\/rsubach.de\/wp-content\/uploads\/2022\/04\/IMG_Christina_-Zilch-1552x2048.jpg 1552w, https:\/\/rsubach.de\/wp-content\/uploads\/2022\/04\/IMG_Christina_-Zilch-scaled.jpg 1940w\" sizes=\"auto, (max-width: 776px) 100vw, 776px\" \/><\/figure><div class=\"wp-block-media-text__content\">\n<p>Als Schulsozialarbeiterin&nbsp;m\u00f6chte ich&nbsp;die Sch\u00fclerinnen und Sch\u00fcler,&nbsp;die Eltern und Erziehungsberechtigten und&nbsp;die Mitarbeiter in der Schule&nbsp;bei Fragen, Schwierigkeiten und Herausforderungen innerhalb der Schule und des famili\u00e4ren Umfeldes&nbsp;unterst\u00fctzen und&nbsp;begleiten. Ebenso sind pr\u00e4ventive Angebote f\u00fcr Gruppen und einzelne Personen Teil meiner Arbeit.&nbsp;&nbsp;<\/p>\n\n\n\n<p>Das Angebot der Schulsozialarbeit ist freiwillig, unabh\u00e4ngig, kostenlos und unverbindlich. Alle Gespr\u00e4che, die ich in diesem Rahmen f\u00fchre, sind vertraulich und unterliegen der Schweigepflicht.<\/p>\n\n\n\n<p><strong>Wo und wann kann man mich treffen?<\/strong><\/p>\n\n\n\n<ul class=\"wp-block-list\">\n<li>In der Regelschule Unterbreizbach im <strong>Raum 215<\/strong> (in der 2. Etage)<\/li>\n\n\n\n<li>In der Regel&nbsp;von <em><strong>Montag bis Freitag<\/strong><\/em>, jeweils <em><strong>von 08.00 bis 14.00 Uhr<\/strong><\/em><br>(wenn m\u00f6glich nach vorheriger Absprache)<\/li>\n\n\n\n<li>In der ersten und zweiten gro\u00dfen Pause steht meine T\u00fcr f\u00fcr Euch offen!<\/li>\n<\/ul>\n\n\n\n<p><strong>Wie kann man mich erreichen?<\/strong><\/p>\n\n\n\n<ul class=\"wp-block-list\">\n<li>Telefonisch unter<em><strong> 0170 \/ 36 58 185<\/strong><\/em><\/li>\n\n\n\n<li>Per E-Mail unter <em><strong><a href=\"mailto:rs.unterbreizbach.sozial@schulen-wak.de\">rs.unterbreizbach.sozial@schulen-wak.de<\/a><\/strong><\/em><\/li>\n\n\n\n<li>\u00dcber das nachfolgende <strong>Kontaktformular&nbsp;<\/strong> (die \u00fcbermittelten Informationen landen nur bei mir)<\/li>\n<\/ul>\n<\/div><\/div>\n\n\n\n<div style=\"height:12px\" aria-hidden=\"true\" class=\"wp-block-spacer\"><\/div>\n\n\n\n<hr class=\"wp-block-separator has-alpha-channel-opacity is-style-wide\"\/>\n\n\n<p><em style=\"font-family: arial, helvetica, sans-serif; font-size: 13pt;\">Bitte f\u00fcllen Sie die Eingabefelder m\u00f6glichst vollst\u00e4ndig aus!<\/em><\/p>\n\n<div class=\"wpcf7 no-js\" id=\"wpcf7-f2660-o1\" lang=\"en-US\" dir=\"ltr\" data-wpcf7-id=\"2660\">\n<div class=\"screen-reader-response\"><p role=\"status\" aria-live=\"polite\" aria-atomic=\"true\"><\/p> <ul><\/ul><\/div>\n<form action=\"\/index.php?rest_route=%2Fwp%2Fv2%2Fpages%2F2652#wpcf7-f2660-o1\" method=\"post\" class=\"wpcf7-form init\" aria-label=\"Contact form\" novalidate=\"novalidate\" data-status=\"init\">\n<fieldset class=\"hidden-fields-container\"><input type=\"hidden\" name=\"_wpcf7\" value=\"2660\" \/><input type=\"hidden\" name=\"_wpcf7_version\" value=\"6.1.5\" \/><input type=\"hidden\" name=\"_wpcf7_locale\" value=\"en_US\" \/><input type=\"hidden\" name=\"_wpcf7_unit_tag\" value=\"wpcf7-f2660-o1\" \/><input type=\"hidden\" name=\"_wpcf7_container_post\" value=\"0\" \/><input type=\"hidden\" name=\"_wpcf7_posted_data_hash\" value=\"\" \/><input type=\"hidden\" name=\"_wpcf7cf_hidden_group_fields\" value=\"[]\" \/><input type=\"hidden\" name=\"_wpcf7cf_hidden_groups\" value=\"[]\" \/><input type=\"hidden\" name=\"_wpcf7cf_visible_groups\" value=\"[]\" \/><input type=\"hidden\" name=\"_wpcf7cf_repeaters\" value=\"[]\" \/><input type=\"hidden\" name=\"_wpcf7cf_steps\" value=\"{}\" \/><input type=\"hidden\" name=\"_wpcf7cf_options\" value=\"{&quot;form_id&quot;:2660,&quot;conditions&quot;:[],&quot;settings&quot;:{&quot;animation&quot;:&quot;yes&quot;,&quot;animation_intime&quot;:200,&quot;animation_outtime&quot;:200,&quot;conditions_ui&quot;:&quot;normal&quot;,&quot;notice_dismissed&quot;:false}}\" \/><input type=\"hidden\" name=\"_wpcf7dtx_version\" value=\"5.0.5\" \/><input type=\"hidden\" name=\"_wpcf7_recaptcha_response\" value=\"\" \/>\n<\/fieldset>\n<table width=\"480px\">\n\t<tr>\n\t\t<td style=\"text-align: right; width: 190px; padding-right: 6px; font-size: 1.1em;\">\n\t\t\t<p>Mein Name: *\n\t\t\t<\/p>\n\t\t<\/td>\n\t\t<td colspan=\"2\" style=\"text-align: left;\">\n\t\t\t<p><span class=\"wpcf7-form-control-wrap\" data-name=\"mein-name\"><input size=\"52\" maxlength=\"400\" class=\"wpcf7-form-control wpcf7-text wpcf7-validates-as-required confor\" aria-required=\"true\" aria-invalid=\"false\" value=\"\" type=\"text\" name=\"mein-name\" \/><\/span>\n\t\t\t<\/p>\n\t\t<\/td>\n\t<\/tr>\n\t<tr>\n\t\t<td style=\"text-align: right; padding-right: 6px; font-size: 1.1em;\">\n\t\t\t<p>Meine E-Mail-Adresse: *\n\t\t\t<\/p>\n\t\t<\/td>\n\t\t<td colspan=\"2\" style=\"text-align: left;\">\n\t\t\t<p><span class=\"wpcf7-form-control-wrap\" data-name=\"meine-email\"><input size=\"52\" maxlength=\"400\" class=\"wpcf7-form-control wpcf7-email wpcf7-validates-as-required wpcf7-text wpcf7-validates-as-email confor\" aria-required=\"true\" aria-invalid=\"false\" value=\"\" type=\"email\" name=\"meine-email\" \/><\/span>\n\t\t\t<\/p>\n\t\t<\/td>\n\t<\/tr>\n\t<tr>\n\t\t<td style=\"text-align: right; padding-right: 6px; font-size: 1.1em;\">\n\t\t\t<p>Meine Telefonnummer:\n\t\t\t<\/p>\n\t\t<\/td>\n\t\t<td colspan=\"2\" style=\"text-align: left;\">\n\t\t\t<p><span class=\"wpcf7-form-control-wrap\" data-name=\"meine-telnr\"><input size=\"52\" maxlength=\"400\" class=\"wpcf7-form-control wpcf7-text confor\" aria-invalid=\"false\" value=\"\" type=\"text\" name=\"meine-telnr\" \/><\/span>\n\t\t\t<\/p>\n\t\t<\/td>\n\t<\/tr>\n\t<tr>\n\t\t<td style=\"text-align: right; padding-right: 6px; font-size: 1.1em;\">\n\t\t\t<p>Betreff: *\n\t\t\t<\/p>\n\t\t<\/td>\n\t\t<td colspan=\"2\" style=\"text-align: left;\">\n\t\t\t<p><span class=\"wpcf7-form-control-wrap\" data-name=\"mein-betreff\"><input size=\"52\" maxlength=\"400\" class=\"wpcf7-form-control wpcf7-text wpcf7-validates-as-required confor\" aria-required=\"true\" aria-invalid=\"false\" value=\"\" type=\"text\" name=\"mein-betreff\" \/><\/span>\n\t\t\t<\/p>\n\t\t<\/td>\n\t<\/tr>\n\t<tr>\n\t\t<td style=\"text-align: right; vertical-align: top; padding-right: 6px; font-size: 1.1em;\">\n\t\t\t<p>Meine Mitteilung:\n\t\t\t<\/p>\n\t\t<\/td>\n\t\t<td colspan=\"2\" style=\"text-align: left;\">\n\t\t\t<p><span class=\"wpcf7-form-control-wrap\" data-name=\"meine-nachricht\"><textarea cols=\"52\" rows=\"10\" maxlength=\"2000\" class=\"wpcf7-form-control wpcf7-textarea confor\" aria-invalid=\"false\" name=\"meine-nachricht\"><\/textarea><\/span>\n\t\t\t<\/p>\n\t\t<\/td>\n\t<\/tr>\n\t<tr>\n\t\t<td style=\"text-align: right; vertical-align: top; padding-right: 6px; font-size: 1.1em;\">\n\t\t\t<p>Datenschutz: *\n\t\t\t<\/p>\n\t\t<\/td>\n\t\t<td style=\"text-align: right; vertical-align: top; padding-left: 0px; padding-right: 6px; font-size: 1.1em;\">\n\t\t\t<p><span class=\"wpcf7-form-control-wrap\" data-name=\"datenschutz\"><span class=\"wpcf7-form-control wpcf7-acceptance\"><span class=\"wpcf7-list-item\"><input type=\"checkbox\" name=\"datenschutz\" value=\"1\" aria-invalid=\"false\" \/><\/span><\/span><\/span>\n\t\t\t<\/p>\n\t\t<\/td>\n\t\t<td style=\"text-align: left; font-size: 0.9em;\">\n\t\t\t<p>* Ich bin einverstanden, dass die \u00fcber dieses Kontaktformular gesendeten Daten in einer E-Mail Nachricht elektronisch gespeichert werden. F\u00fcr die Verwendung der Daten gelten die <b><a href=\"https:\/\/local.rsubach.test\/?page_id=11943\">Festlegungen in der Datenschutzerkl\u00e4rung<\/a><\/b> (F\u00fcr genauere Informationen bitte den Link anklicken)\n\t\t\t<\/p>\n\t\t<\/td>\n\t<\/tr>\n\t<tr>\n\t\t<td>\n\t\t<\/td>\n\t\t<td colspan=\"2\" style=\"text-align: left;\">\n\t\t\t<p><input class=\"wpcf7-form-control wpcf7-submit has-spinner\" type=\"submit\" value=\"Senden\" \/><input type=\"reset\" value=\"Abbrechen\" \/>\n\t\t\t<\/p>\n\t\t<\/td>\n\t<\/tr>\n<\/table><div class=\"wpcf7-response-output\" aria-hidden=\"true\"><\/div>\n<\/form>\n<\/div>\n\n<p style=\"text-align: right;\"><strong>Bitte beachten:<\/strong><i> Die mit einem * gekennzeichneten Felder sind Pflichteingaben.<\/i><\/p>\n\n","protected":false},"excerpt":{"rendered":"<p>Hallo, mein Name ist&nbsp;Christina Zilch.Ich bin seit dem 14. M\u00e4rz 2022 als Schulsozialarbeiterin an der Staatlichen Regelschule am Ulsterberg t\u00e4tig. Bitte f\u00fcllen Sie die Eingabefelder m\u00f6glichst vollst\u00e4ndig aus! Bitte beachten: Die mit einem * gekennzeichneten Felder <a href=\"https:\/\/rsubach.de\/?page_id=2652\" class=\"read-more\">Weiterlesen &#8230;<\/a><\/p>\n","protected":false},"author":1,"featured_media":0,"parent":5,"menu_order":42,"comment_status":"closed","ping_status":"closed","template":"","meta":{"ngg_post_thumbnail":0,"footnotes":""},"class_list":["post-2652","page","type-page","status-publish","hentry"],"publishpress_future_action":{"enabled":false,"date":"2026-04-18 23:47:41","action":"change-status","newStatus":"draft","terms":[],"taxonomy":"","extraData":[]},"publishpress_future_workflow_manual_trigger":{"enabledWorkflows":[]},"rttpg_featured_image_url":null,"rttpg_author":{"display_name":"Uwe Borger","author_link":"https:\/\/rsubach.de\/?author=1"},"rttpg_comment":0,"rttpg_category":null,"rttpg_excerpt":"Hallo, mein Name ist&nbsp;Christina Zilch.Ich bin seit dem 14. M\u00e4rz 2022 als Schulsozialarbeiterin an der Staatlichen Regelschule am Ulsterberg t\u00e4tig. Bitte f\u00fcllen Sie die Eingabefelder m\u00f6glichst vollst\u00e4ndig aus! Bitte beachten: Die mit einem * gekennzeichneten Felder Weiterlesen ...","_links":{"self":[{"href":"https:\/\/rsubach.de\/index.php?rest_route=\/wp\/v2\/pages\/2652","targetHints":{"allow":["GET"]}}],"collection":[{"href":"https:\/\/rsubach.de\/index.php?rest_route=\/wp\/v2\/pages"}],"about":[{"href":"https:\/\/rsubach.de\/index.php?rest_route=\/wp\/v2\/types\/page"}],"author":[{"embeddable":true,"href":"https:\/\/rsubach.de\/index.php?rest_route=\/wp\/v2\/users\/1"}],"replies":[{"embeddable":true,"href":"https:\/\/rsubach.de\/index.php?rest_route=%2Fwp%2Fv2%2Fcomments&post=2652"}],"version-history":[{"count":69,"href":"https:\/\/rsubach.de\/index.php?rest_route=\/wp\/v2\/pages\/2652\/revisions"}],"predecessor-version":[{"id":26190,"href":"https:\/\/rsubach.de\/index.php?rest_route=\/wp\/v2\/pages\/2652\/revisions\/26190"}],"up":[{"embeddable":true,"href":"https:\/\/rsubach.de\/index.php?rest_route=\/wp\/v2\/pages\/5"}],"wp:attachment":[{"href":"https:\/\/rsubach.de\/index.php?rest_route=%2Fwp%2Fv2%2Fmedia&parent=2652"}],"curies":[{"name":"wp","href":"https:\/\/api.w.org\/{rel}","templated":true}]}}