{"id":414,"date":"2012-02-24T14:40:21","date_gmt":"2012-02-24T13:40:21","guid":{"rendered":"http:\/\/server2003:8080\/rsubach\/wordpress_02\/?page_id=414"},"modified":"2023-02-18T11:14:34","modified_gmt":"2023-02-18T10:14:34","slug":"unterstutzung-2","status":"publish","type":"page","link":"https:\/\/rsubach.de\/?page_id=414","title":{"rendered":"Unterst\u00fctzung"},"content":{"rendered":"<table>\n<tbody>\n<tr>\n<td style=\"padding: 0 5px 0 0;\"><a title=\"Urkunde_TLSFV\" href=\"\/wp-content\/uploads\/2012\/03\/Urkunde_TLSFV.jpg\" rel=\"prettyPhoto-img\"><img loading=\"lazy\" decoding=\"async\" width=\"97\" height=\"82\" title=\"Urkunde_TLSFV\" class=\"alignnone size-thumbnail wp-image-620\" alt=\"\" src=\"\/wp-content\/uploads\/2012\/03\/Urkunde_TLSFV-e1330625765195-150x126.jpg\"><\/a><\/td>\n<td>\n<p style=\"font-style: normal; padding-top: 0px;\">Wir sind Mitglied im <strong>Th\u00fcringer Landesverband der Schulf\u00f6rdervereine (TLSFV)<\/strong> und nutzen diese Mitgliedschaft, um uns mit anderen F\u00f6rdervereinen auszutauschen und um Unterst\u00fctzung f\u00fcr unsere Arbeit zu erhalten. Auf den Internetseiten unter <a title=\"Th\u00fcringer Landesverband der Schulf\u00f6rdervereine\" href=\"http:\/\/tlsfv.de\/\" target=\"_blank\" rel=\"noopener noreferrer\"><strong><em>http:\/\/tlsfv.de<\/em><\/strong><\/a> k\u00f6nnen Sie mehr vom Th\u00fcringer Landesverband der Schulf\u00f6rdervereine (TLSFV) erfahren.<\/p>\n<\/td>\n<\/tr>\n<\/tbody>\n<\/table>\n<h4 style=\"margin-bottom: 7px;\">Mitgliedschaft<\/h4>\n<p style=\"font-style: normal; padding-top: 0px;\">Unser Verein hat heute mehr als 30 Mitglieder. Vor allem Lehrer(innen) und Eltern, aber auch <strong>die Gemeinde Unterbreizbach, die Stadt Vacha<\/strong> sowie die Firma&nbsp;<strong>Kali &amp; Salz<\/strong> geh\u00f6ren dazu.<\/p>\n<p style=\"font-style: normal;\">Unterst\u00fctzen Sie uns &#8211; <strong>werden Sie Mitglied in unserem F\u00f6rderverein.<\/strong><br \/>\nNeue Mitstreiter sind uns immer herzlich willkommen.<\/p>\n<p style=\"font-style: normal;\">Alle Informationen dazu finden Sie in unserer Satzung und dem Mitgliedsantrag, die Sie \u00fcber die folgenden Links ganz einfach herunterladen k\u00f6nnen.<\/p>\n<table>\n<tbody>\n<tr>\n<td>\n<p style=\"font-style: italic; font-size: 13px; margin-left: 30px;\"><strong>Mitgliedsantrag<\/strong> zum Download<\/p>\n<\/td>\n<td style=\"padding-left: 20px;\"><a href=\"\/wp-content\/uploads\/2012\/02\/Mitgliedsantrag_alle_24022012.pdf\" target=\"_blank\" rel=\"noopener noreferrer\"><img loading=\"lazy\" decoding=\"async\" width=\"16\" height=\"16\" title=\"Save\" class=\"alignnone size-full wp-image-524\" style=\"margin: 0;\" alt=\"\" src=\"\/wp-content\/uploads\/2012\/01\/Save.png\"><\/a><\/td>\n<td>\n<p style=\"font-size: 13px; font-style: italic; margin-left: 5px;\">als PDF<\/p>\n<\/td>\n<\/tr>\n<tr>\n<td>\n<p style=\"font-style: italic; font-size: 13px; margin-left: 30px;\"><strong>Satzung<\/strong> zum Download<\/p>\n<\/td>\n<td style=\"padding-left: 20px;\"><a href=\"\/wp-content\/uploads\/2015\/03\/Satzung_SFV_2014.pdf\" target=\"_blank\" rel=\"noopener noreferrer\"><img loading=\"lazy\" decoding=\"async\" width=\"16\" height=\"16\" title=\"Save\" class=\"alignnone size-full wp-image-524\" style=\"margin: 0;\" alt=\"\" src=\"\/wp-content\/uploads\/2012\/01\/Save.png\"><\/a><\/td>\n<td>\n<p style=\"font-style: italic; font-size: 13px; margin-left: 5px;\">als PDF<\/p>\n<\/td>\n<\/tr>\n<\/tbody>\n<\/table>\n<p style=\"font-style: normal;\">Den Antrag einfach nur ausdrucken, ausf\u00fcllen (Unterschrift bitte nicht vergessen) und an die aufgedruckte Adresse abschicken oder in der Schule abgeben.<\/p>\n<h4><strong>Hilfe durch Ihren Einkauf im Internet<\/strong><\/h4>\n<table>\n<tbody>\n<tr>\n<td style=\"vertical-align: top; background-color: #c1eba2;\" colspan=\"2\">\n<h5><em><span style=\"color: #ff0000;\">Neu!!! +++ Neu!!! +++ Neu!!! +++ Neu!!! +++ Neu!!! +++ Neu!!!<\/span><\/em><\/h5>\n<h4><a href=\"http:\/\/www.amazon.de\/exec\/obidos\/redirect-home?tag=regelschunter-21&amp;site=home\"><strong>Unterst\u00fctzung mit Einkaufen bei Amazon.de&nbsp;(\u21d0 Bitte hier klicken)<\/strong><\/a><\/h4>\n<\/td>\n<\/tr>\n<tr>\n<td style=\"width: 380px;\">\n<p style=\"font-style: normal;\">Beim Internetportal <strong>Bildungsspender.de<\/strong> haben wir ein Spendenkonto, auf dem durch Einkaufen im Internet oder auch durch Direketspenden Geld f\u00fcr unsere Arbeit gesammelt wird.<\/p>\n<p style=\"font-style: normal;\">Unsere Spendenhelfer-Seite hat die Adresse:<\/p>\n<p style=\"font-style: normal; font-weight: bold; font-size: 16px;\"><a href=\"http:\/\/www.bildungsspender.de\/rsubach\" target=\"_blank\" rel=\"noopener noreferrer\">www.bildungsspender.de\/rsubach<\/a><\/p>\n<\/td>\n<td style=\"width: 380px; vertical-align: bottom;\"><!-- Anfang Bildungsspender --><iframe loading=\"lazy\" width=\"150\" height=\"140\" src=\"https:\/\/www.bildungsspender.org\/extern\/bs\/projektspendenstandbanner2.php?kt=236414001\" frameborder=\"0\" scrolling=\"no\"> <\/iframe><br \/>\n<!-- Ende Bildungsspender --><\/td>\n<\/tr>\n<\/tbody>\n<\/table>\n<p style=\"font-weight: bold; font-style: normal;\">Was bedeutet das und wie kann man es nutzen?<\/p>\n<p style=\"font-style: normal;\">Die Idee und das Prinzip ist genauso genial wie einfach. \u00dcber dieses gemeinn\u00fctzige Portal kann Jeder mit seinem Einkauf im Internet eine Einrichtung bzw. einen Verein unterst\u00fctzen, der bei Bildungsspender.de ein Spendenkonto hat. Daf\u00fcr mu\u00df vor dem Einkauf nur die Spendenhelfer-Seite bei Bildungsspender aufgerufen werden.<\/p>\n<p style=\"font-style: normal;\">Alle erforderlichen Informationen finden Sie direkt auf unserer Spendenhelfer-Seite unter <strong><a href=\"http:\/\/www.bildungsspender.de\/rsubach\" target=\"_blank\" rel=\"noopener noreferrer\">www.bildungsspender.de\/rsubach<\/a><\/strong>.<\/p>\n<table>\n<tbody>\n<tr>\n<td>\n<p style=\"font-style: normal;\">Oder laden Sie sich unseren <strong>Flyer<\/strong> mit allen Informationen<br \/>\nund Hinweisen zur Nutzung der Funktionen hier herunter:<\/p>\n<\/td>\n<td style=\"padding-left: 20px;\"><a href=\"\/wp-content\/uploads\/2015\/03\/Bildungsspender-Flyer_Website_Januar_2015.pdf\" target=\"_blank\" rel=\"noopener noreferrer\"><img loading=\"lazy\" decoding=\"async\" width=\"16\" height=\"16\" title=\"Save\" class=\"alignnone size-full wp-image-524\" alt=\"\" src=\"\/wp-content\/uploads\/2012\/01\/Save.png\"><\/a><\/td>\n<td>\n<p style=\"font-style: italic; font-size: 13px; margin-left: 5px;\">als PDF<\/p>\n<\/td>\n<\/tr>\n<\/tbody>\n<\/table>\n<p>&nbsp;<\/p>\n","protected":false},"excerpt":{"rendered":"<p>Wir sind Mitglied im Th\u00fcringer Landesverband der Schulf\u00f6rdervereine (TLSFV) und nutzen diese Mitgliedschaft, um uns mit anderen F\u00f6rdervereinen auszutauschen und um Unterst\u00fctzung f\u00fcr unsere Arbeit zu erhalten. Auf den Internetseiten unter http:\/\/tlsfv.de k\u00f6nnen Sie mehr vom <a href=\"https:\/\/rsubach.de\/?page_id=414\" class=\"read-more\">Weiterlesen &#8230;<\/a><\/p>\n","protected":false},"author":1,"featured_media":0,"parent":12,"menu_order":36,"comment_status":"closed","ping_status":"closed","template":"","meta":{"ngg_post_thumbnail":0,"footnotes":""},"class_list":["post-414","page","type-page","status-publish","hentry"],"publishpress_future_action":{"enabled":false,"date":"2026-05-15 13:53:43","action":"change-status","newStatus":"draft","terms":[],"taxonomy":"","extraData":[]},"publishpress_future_workflow_manual_trigger":{"enabledWorkflows":[]},"rttpg_featured_image_url":null,"rttpg_author":{"display_name":"Uwe Borger","author_link":"https:\/\/rsubach.de\/?author=1"},"rttpg_comment":0,"rttpg_category":null,"rttpg_excerpt":"Wir sind Mitglied im Th\u00fcringer Landesverband der Schulf\u00f6rdervereine (TLSFV) und nutzen diese Mitgliedschaft, um uns mit anderen F\u00f6rdervereinen auszutauschen und um Unterst\u00fctzung f\u00fcr unsere Arbeit zu erhalten. Auf den Internetseiten unter http:\/\/tlsfv.de k\u00f6nnen Sie mehr vom Weiterlesen ...","_links":{"self":[{"href":"https:\/\/rsubach.de\/index.php?rest_route=\/wp\/v2\/pages\/414","targetHints":{"allow":["GET"]}}],"collection":[{"href":"https:\/\/rsubach.de\/index.php?rest_route=\/wp\/v2\/pages"}],"about":[{"href":"https:\/\/rsubach.de\/index.php?rest_route=\/wp\/v2\/types\/page"}],"author":[{"embeddable":true,"href":"https:\/\/rsubach.de\/index.php?rest_route=\/wp\/v2\/users\/1"}],"replies":[{"embeddable":true,"href":"https:\/\/rsubach.de\/index.php?rest_route=%2Fwp%2Fv2%2Fcomments&post=414"}],"version-history":[{"count":88,"href":"https:\/\/rsubach.de\/index.php?rest_route=\/wp\/v2\/pages\/414\/revisions"}],"predecessor-version":[{"id":21666,"href":"https:\/\/rsubach.de\/index.php?rest_route=\/wp\/v2\/pages\/414\/revisions\/21666"}],"up":[{"embeddable":true,"href":"https:\/\/rsubach.de\/index.php?rest_route=\/wp\/v2\/pages\/12"}],"wp:attachment":[{"href":"https:\/\/rsubach.de\/index.php?rest_route=%2Fwp%2Fv2%2Fmedia&parent=414"}],"curies":[{"name":"wp","href":"https:\/\/api.w.org\/{rel}","templated":true}]}}