{"id":5383,"date":"2015-03-15T20:25:17","date_gmt":"2015-03-15T19:25:17","guid":{"rendered":"http:\/\/rsubach.de\/?page_id=5383"},"modified":"2024-08-28T15:54:48","modified_gmt":"2024-08-28T13:54:48","slug":"unterricht","status":"publish","type":"page","link":"https:\/\/rsubach.de\/?page_id=5383","title":{"rendered":"Unterricht und mehr"},"content":{"rendered":"<p>Auf diesen Seiten wollen wir Ziele, Inhalte, Ergebnisse, Termine, besondere Leistungen und anderes zu den unterschiedlichsten Unterrichtsprojekten und -themen vorstellen und damit eine Plattform f\u00fcr Informationen, Fragen und Antworten, Unterst\u00fctzung und Hilfe f\u00fcr alle Sch\u00fcler(innen) und Lehrer(innen) bieten.<\/p>\n<p>Einige dieser Seiten sind nicht \u00f6ffentlich zug\u00e4nglich und erfordern dementsprechend g\u00fcltige Benutzerdaten zum Anmelden.<\/p>\n","protected":false},"excerpt":{"rendered":"<p>Auf diesen Seiten wollen wir Ziele, Inhalte, Ergebnisse, Termine, besondere Leistungen und anderes zu den unterschiedlichsten Unterrichtsprojekten und -themen vorstellen und damit eine Plattform f\u00fcr Informationen, Fragen und Antworten, Unterst\u00fctzung und Hilfe f\u00fcr alle Sch\u00fcler(innen) und <a href=\"https:\/\/rsubach.de\/?page_id=5383\" class=\"read-more\">Weiterlesen &#8230;<\/a><\/p>\n","protected":false},"author":1,"featured_media":25088,"parent":5378,"menu_order":13,"comment_status":"closed","ping_status":"closed","template":"","meta":{"ngg_post_thumbnail":0,"footnotes":""},"class_list":["post-5383","page","type-page","status-publish","has-post-thumbnail","hentry"],"publishpress_future_action":{"enabled":false,"date":"2026-05-07 15:28:41","action":"change-status","newStatus":"draft","terms":[],"taxonomy":"","extraData":[]},"publishpress_future_workflow_manual_trigger":{"enabledWorkflows":[]},"rttpg_featured_image_url":{"full":["https:\/\/rsubach.de\/wp-content\/uploads\/2023\/02\/Slider4_4510x1541-scaled.jpg",2560,876,false],"landscape":["https:\/\/rsubach.de\/wp-content\/uploads\/2023\/02\/Slider4_4510x1541-scaled.jpg",2560,876,false],"portraits":["https:\/\/rsubach.de\/wp-content\/uploads\/2023\/02\/Slider4_4510x1541-scaled.jpg",2560,876,false],"thumbnail":["https:\/\/rsubach.de\/wp-content\/uploads\/2023\/02\/Slider4_4510x1541-150x150.jpg",150,150,true],"medium":["https:\/\/rsubach.de\/wp-content\/uploads\/2023\/02\/Slider4_4510x1541-300x103.jpg",300,103,true],"large":["https:\/\/rsubach.de\/wp-content\/uploads\/2023\/02\/Slider4_4510x1541-1024x351.jpg",847,290,true],"1536x1536":["https:\/\/rsubach.de\/wp-content\/uploads\/2023\/02\/Slider4_4510x1541-1536x526.jpg",1536,526,true],"2048x2048":["https:\/\/rsubach.de\/wp-content\/uploads\/2023\/02\/Slider4_4510x1541-2048x701.jpg",2048,701,true],"education-hub-thumb":["https:\/\/rsubach.de\/wp-content\/uploads\/2023\/02\/Slider4_4510x1541-360x123.jpg",360,123,true]},"rttpg_author":{"display_name":"Uwe Borger","author_link":"https:\/\/rsubach.de\/?author=1"},"rttpg_comment":0,"rttpg_category":null,"rttpg_excerpt":"Auf diesen Seiten wollen wir Ziele, Inhalte, Ergebnisse, Termine, besondere Leistungen und anderes zu den unterschiedlichsten Unterrichtsprojekten und -themen vorstellen und damit eine Plattform f\u00fcr Informationen, Fragen und Antworten, Unterst\u00fctzung und Hilfe f\u00fcr alle Sch\u00fcler(innen) und Weiterlesen ...","_links":{"self":[{"href":"https:\/\/rsubach.de\/index.php?rest_route=\/wp\/v2\/pages\/5383","targetHints":{"allow":["GET"]}}],"collection":[{"href":"https:\/\/rsubach.de\/index.php?rest_route=\/wp\/v2\/pages"}],"about":[{"href":"https:\/\/rsubach.de\/index.php?rest_route=\/wp\/v2\/types\/page"}],"author":[{"embeddable":true,"href":"https:\/\/rsubach.de\/index.php?rest_route=\/wp\/v2\/users\/1"}],"replies":[{"embeddable":true,"href":"https:\/\/rsubach.de\/index.php?rest_route=%2Fwp%2Fv2%2Fcomments&post=5383"}],"version-history":[{"count":9,"href":"https:\/\/rsubach.de\/index.php?rest_route=\/wp\/v2\/pages\/5383\/revisions"}],"predecessor-version":[{"id":26987,"href":"https:\/\/rsubach.de\/index.php?rest_route=\/wp\/v2\/pages\/5383\/revisions\/26987"}],"up":[{"embeddable":true,"href":"https:\/\/rsubach.de\/index.php?rest_route=\/wp\/v2\/pages\/5378"}],"wp:featuredmedia":[{"embeddable":true,"href":"https:\/\/rsubach.de\/index.php?rest_route=\/wp\/v2\/media\/25088"}],"wp:attachment":[{"href":"https:\/\/rsubach.de\/index.php?rest_route=%2Fwp%2Fv2%2Fmedia&parent=5383"}],"curies":[{"name":"wp","href":"https:\/\/api.w.org\/{rel}","templated":true}]}}